{"id":17,"date":"2025-07-15T17:11:52","date_gmt":"2025-07-15T15:11:52","guid":{"rendered":"https:\/\/test.repaircafe-alzenau.de\/?page_id=17"},"modified":"2025-07-17T11:46:24","modified_gmt":"2025-07-17T09:46:24","slug":"repair-cafe-alzenau","status":"publish","type":"page","link":"https:\/\/test.repaircafe-alzenau.de\/","title":{"rendered":"Repair Caf\u00e9 Alzenau"},"content":{"rendered":"\n<div class=\"wp-block-query is-layout-flow wp-block-query-is-layout-flow\"><ul class=\"wp-block-post-template is-layout-flow wp-block-post-template-is-layout-flow\"><li class=\"wp-block-post post-1 post type-post status-publish format-standard hentry category-allgemein\">\n<div class=\"wp-block-post-excerpt\"><p class=\"wp-block-post-excerpt__excerpt\">Wegwerfen war gestern Wir k\u00f6nnen es uns nicht mehr lange leisten, Dinge unter Einsatz endlicher Rohstoffe und fossiler Energien aufwendig herzustellen und dann nur kurze Zeit zu nutzen!Nur wenn wir Rohstoffe und Energie sinnvoll einsetzen, k\u00f6nnen wir auch die Zukunft unserer Kinder und Enkel sichern. Beginnen wir mit den kleinen Dingen: \u00a0Reparieren Sie gemeinsam mit&hellip; <\/p><\/div>\n<\/li><\/ul><\/div>\n\n\n\n<div class=\"wp-block-group is-nowrap is-layout-flex wp-container-core-group-is-layout-6c531013 wp-block-group-is-layout-flex\">\n<p><strong>Wegwerfen war gestern.<\/strong><\/p>\n<\/div>\n\n\n\n<div class=\"wp-block-group is-content-justification-right is-nowrap is-layout-flex wp-container-core-group-is-layout-f5a4b09b wp-block-group-is-layout-flex\">\n<p class=\"has-text-align-left\">Wir k\u00f6nnen es uns nicht mehr lange leisten, Dinge unter Einsatz endlicher Rohstoffe und fossiler Energien aufwendig herzustellen und dann nur kurze Zeit zu nutzen!<br>Nur wenn wir Rohstoffe und Energie sinnvoll einsetzen, k\u00f6nnen wir auch die Zukunft unserer Kinder und Enkel sichern. Beginnen wir mit den kleinen Dingen:<\/p>\n<\/div>\n\n\n\n<p><strong>Reparieren Sie gemeinsam mit uns Ihre defekten Gegenst\u00e4nde! Herzlich willkommen beim Repair Caf\u00e9 Alzenau!<\/strong><\/p>\n\n\n\n<div class=\"wp-block-group is-nowrap is-layout-flex wp-container-core-group-is-layout-6c531013 wp-block-group-is-layout-flex\">\n<p>Wir sind eine private Initiative von Alzenauer B\u00fcrgern f\u00fcr B\u00fcrger aus Alzenau und Umgebung und laden Sie dazu ein, Ihre kaputten Dinge zusammen mit uns Reparateuren in angenehmer Atmosph\u00e4re wieder zum Leben zu erwecken.<br>Zusammen versuchen wir den Fehler zu finden und zu beheben. Die Chancen daf\u00fcr stehen nicht schlecht. Die meisten der ins Repair Caf\u00e9 gebrachten Gegenst\u00e4nde k\u00f6nnen wieder instand gesetzt werden.<br>Mit etwas Gl\u00fcck bekommt auch Ihr &#8222;Sch\u00e4tzchen&#8220; ein zweites Leben.<br><br>Wir veranstalten im Wechsel zweimal im Monat Reparaturtermine in&nbsp;<strong>Alzenau<\/strong>&nbsp;und in&nbsp;<strong>Kahl.<\/strong> Die aktuellen Termine und Orte finden sie unter&nbsp;<a href=\"https:\/\/repaircafe-alzenau.de\/TERMINE\">TERMINE<\/a>&nbsp;und&nbsp;<a href=\"https:\/\/repaircafe-alzenau.de\/KONTAKT\">KONTAKT<\/a>.<\/p>\n<\/div>\n\n\n\n<figure class=\"wp-block-image size-full\"><img loading=\"lazy\" decoding=\"async\" width=\"600\" height=\"424\" src=\"https:\/\/test.repaircafe-alzenau.de\/wp-content\/uploads\/2025\/07\/Logo-klein02.jpg\" alt=\"\" class=\"wp-image-9\" srcset=\"https:\/\/test.repaircafe-alzenau.de\/wp-content\/uploads\/2025\/07\/Logo-klein02.jpg 600w, https:\/\/test.repaircafe-alzenau.de\/wp-content\/uploads\/2025\/07\/Logo-klein02-300x212.jpg 300w\" sizes=\"auto, (max-width: 600px) 100vw, 600px\" \/><\/figure>\n","protected":false},"excerpt":{"rendered":"<p>Wegwerfen war gestern. Wir k\u00f6nnen es uns nicht mehr lange leisten, Dinge unter Einsatz endlicher Rohstoffe und fossiler Energien aufwendig herzustellen und dann nur kurze Zeit zu nutzen!Nur wenn wir Rohstoffe und Energie sinnvoll einsetzen, k\u00f6nnen wir auch die Zukunft unserer Kinder und Enkel sichern. Beginnen wir mit den kleinen Dingen: Reparieren Sie gemeinsam mit [&hellip;]<\/p>\n","protected":false},"author":2,"featured_media":0,"parent":0,"menu_order":0,"comment_status":"closed","ping_status":"closed","template":"","meta":{"_uag_custom_page_level_css":"","footnotes":""},"class_list":["post-17","page","type-page","status-publish","hentry"],"uagb_featured_image_src":{"full":false,"thumbnail":false,"medium":false,"medium_large":false,"large":false,"1536x1536":false,"2048x2048":false},"uagb_author_info":{"display_name":"Peter Koneczny","author_link":"https:\/\/test.repaircafe-alzenau.de\/index.php\/author\/peter-k\/"},"uagb_comment_info":0,"uagb_excerpt":"Wegwerfen war gestern. Wir k\u00f6nnen es uns nicht mehr lange leisten, Dinge unter Einsatz endlicher Rohstoffe und fossiler Energien aufwendig herzustellen und dann nur kurze Zeit zu nutzen!Nur wenn wir Rohstoffe und Energie sinnvoll einsetzen, k\u00f6nnen wir auch die Zukunft unserer Kinder und Enkel sichern. Beginnen wir mit den kleinen Dingen: Reparieren Sie gemeinsam mit&hellip;","_links":{"self":[{"href":"https:\/\/test.repaircafe-alzenau.de\/index.php\/wp-json\/wp\/v2\/pages\/17","targetHints":{"allow":["GET"]}}],"collection":[{"href":"https:\/\/test.repaircafe-alzenau.de\/index.php\/wp-json\/wp\/v2\/pages"}],"about":[{"href":"https:\/\/test.repaircafe-alzenau.de\/index.php\/wp-json\/wp\/v2\/types\/page"}],"author":[{"embeddable":true,"href":"https:\/\/test.repaircafe-alzenau.de\/index.php\/wp-json\/wp\/v2\/users\/2"}],"replies":[{"embeddable":true,"href":"https:\/\/test.repaircafe-alzenau.de\/index.php\/wp-json\/wp\/v2\/comments?post=17"}],"version-history":[{"count":9,"href":"https:\/\/test.repaircafe-alzenau.de\/index.php\/wp-json\/wp\/v2\/pages\/17\/revisions"}],"predecessor-version":[{"id":97,"href":"https:\/\/test.repaircafe-alzenau.de\/index.php\/wp-json\/wp\/v2\/pages\/17\/revisions\/97"}],"wp:attachment":[{"href":"https:\/\/test.repaircafe-alzenau.de\/index.php\/wp-json\/wp\/v2\/media?parent=17"}],"curies":[{"name":"wp","href":"https:\/\/api.w.org\/{rel}","templated":true}]}}

Repair Café Alzenau

<div class="wp-block-query is-layout-flow wp-block-query-is-layout-flow"><ul class="wp-block-post-template is-layout-flow wp-block-post-template-is-layout-flow"><li class="wp-block-post post-1 post type-post status-publish format-standard hentry category-allgemein">
<div class="wp-block-post-excerpt"><p class="wp-block-post-excerpt__excerpt">Wegwerfen war gestern Wir können es uns nicht mehr lange leisten, Dinge unter Einsatz endlicher Rohstoffe und fossiler Energien aufwendig herzustellen und dann nur kurze Zeit zu nutzen!Nur wenn wir Rohstoffe und Energie sinnvoll einsetzen, können wir auch die Zukunft unserer Kinder und Enkel sichern. Beginnen wir mit den kleinen Dingen:  Reparieren Sie gemeinsam mit&hellip; </p></div>
</li></ul></div>



<div class="wp-block-group is-nowrap is-layout-flex wp-container-core-group-is-layout-6c531013 wp-block-group-is-layout-flex">
<p><strong>Wegwerfen war gestern.</strong></p>
</div>



<div class="wp-block-group is-content-justification-right is-nowrap is-layout-flex wp-container-core-group-is-layout-f5a4b09b wp-block-group-is-layout-flex">
<p class="has-text-align-left">Wir können es uns nicht mehr lange leisten, Dinge unter Einsatz endlicher Rohstoffe und fossiler Energien aufwendig herzustellen und dann nur kurze Zeit zu nutzen!<br>Nur wenn wir Rohstoffe und Energie sinnvoll einsetzen, können wir auch die Zukunft unserer Kinder und Enkel sichern. Beginnen wir mit den kleinen Dingen:</p>
</div>



<p><strong>Reparieren Sie gemeinsam mit uns Ihre defekten Gegenstände! Herzlich willkommen beim Repair Café Alzenau!</strong></p>



<div class="wp-block-group is-nowrap is-layout-flex wp-container-core-group-is-layout-6c531013 wp-block-group-is-layout-flex">
<p>Wir sind eine private Initiative von Alzenauer Bürgern für Bürger aus Alzenau und Umgebung und laden Sie dazu ein, Ihre kaputten Dinge zusammen mit uns Reparateuren in angenehmer Atmosphäre wieder zum Leben zu erwecken.<br>Zusammen versuchen wir den Fehler zu finden und zu beheben. Die Chancen dafür stehen nicht schlecht. Die meisten der ins Repair Café gebrachten Gegenstände können wieder instand gesetzt werden.<br>Mit etwas Glück bekommt auch Ihr &#8222;Schätzchen&#8220; ein zweites Leben.<br><br>Wir veranstalten im Wechsel zweimal im Monat Reparaturtermine in&nbsp;<strong>Alzenau</strong>&nbsp;und in&nbsp;<strong>Kahl.</strong> Die aktuellen Termine und Orte finden sie unter&nbsp;<a href="https://repaircafe-alzenau.de/TERMINE">TERMINE</a>&nbsp;und&nbsp;<a href="https://repaircafe-alzenau.de/KONTAKT">KONTAKT</a>.</p>
</div>



<figure class="wp-block-image size-full"><img loading="lazy" decoding="async" width="600" height="424" src="https://test.repaircafe-alzenau.de/wp-content/uploads/2025/07/Logo-klein02.jpg" alt="" class="wp-image-9" srcset="https://test.repaircafe-alzenau.de/wp-content/uploads/2025/07/Logo-klein02.jpg 600w, https://test.repaircafe-alzenau.de/wp-content/uploads/2025/07/Logo-klein02-300x212.jpg 300w" sizes="auto, (max-width: 600px) 100vw, 600px" /></figure>

<p>Wegwerfen war gestern. Wir können es uns nicht mehr lange leisten, Dinge unter Einsatz endlicher Rohstoffe und fossiler Energien aufwendig herzustellen und dann nur kurze Zeit zu nutzen!Nur wenn wir Rohstoffe und Energie sinnvoll einsetzen, können wir auch die Zukunft unserer Kinder und Enkel sichern. Beginnen wir mit den kleinen Dingen: Reparieren Sie gemeinsam mit [&hellip;]</p>

Wegwerfen war gestern. Wir können es uns nicht mehr lange leisten, Dinge unter Einsatz endlicher Rohstoffe und fossiler Energien aufwendig herzustellen und dann nur kurze Zeit zu nutzen!Nur wenn wir Rohstoffe und Energie sinnvoll einsetzen, können wir auch die Zukunft unserer Kinder und Enkel sichern. Beginnen wir mit den kleinen Dingen: Reparieren Sie gemeinsam mit&hellip;
